 + 19. What is the greatest common divisor of w and g?
7
Let r(m) = -3*m + 33. Let w be r(9). What is the highest common divisor of 12 and w?
6
Suppose 5*b - 6*b + 74 = 0. What is the highest common factor of b and 185?
37
Let n(c) = -c**2 + 9*c + 4. Let a(w) = 5*w - 1. Let f be a(2). Let j be n(f). Let d = j - -5. What is the greatest common factor of 27 and d?
9
Let u(g) = -g**2 - 11*g - 7. Let q be 320/(-18) + (-2)/9. Let r = q + 10. Let f be u(r). Calculate the greatest common factor of f and 34.
17
Let q = 2 + -4. Let y(r) be the third derivative of -r**6/120 + r**4/12 - r**3/6 - 11*r**2. Let k be y(q). What is the greatest common divisor of k and 24?
3
Let l(m) = m + 2. Let o be l(6). Calculate the highest common divisor of o and 24.
8
Suppose -46 = -4*q - 6. Calculate the greatest common divisor of 20 and q.
10
Let r be 0 + -11 - (0 + 3). Suppose -3*z - 22 = 65. Let d = r - z. What is the greatest common factor of d and 75?
15
Suppose 47 = -4*y + 191. Calculate the greatest common factor of 6 and y.
6
Suppose 5*h + 944 = 3*h - 5*z, 5*h = -3*z - 2360. Let k be (-6)/(-9) - h/12. What is the highest common factor of 8 and k?
8
Suppose 2*o = 7*o - 20. Let u = o - 3. Calculate the greatest common divisor of u and 9.
1
Suppose 2*s - 76 = -2*k, 0*s + 4*k = -2*s + 72. Calculate the highest common factor of 100 and s.
20
Suppose 0*t - 10 = -2*t - d, -5*t = -3*d - 36. Let y = t + -4. Let c(n) = 2*n - 3. Let g be c(y). What is the highest common factor of 9 and g?
1
Suppose p = -0*p + 130. Calculate the highest common divisor of 26 and p.
26
Let u = 14 - 3. Let z = -184 - -272. What is the greatest common factor of z and u?
11
Suppose 14*u = 12*u + 64. What is the highest common factor of u and 48?
16
Let f = 2 - 5. Let l = 16 + -11. Let w be (-83 + 2)*l/f. What is the greatest common factor of w and 15?
15
Let i(m) = -2*m + 25. Let f be i(-20). Calculate the highest common factor of 13 and f.
13
Suppose -3*r + 45 = 2*r - 4*z, 0 = -r - 5*z - 20. Let i(u) = -u**3 - 8*u**2 + 6*u - 12. Let s be i(-9). Calculate the greatest common factor of s and r.
5
Suppose 3*y - 19*y = -384. What is the greatest common factor of 84 and y?
12
Let i(t) be the second derivative of -17*t**3/6 + 3*t**2 - 4*t. Let m be i(-5). Calculate the highest common divisor of m and 13.
13
Suppose 0*j = 2*l + j - 9, -4*l + 4*j = 12. Calculate the highest common divisor of 5 and l.
1
Suppose 0 = 5*f - 5*m - 60, -3*m + 6*m - 4 = -2*f. What is the greatest common factor of f and 4?
4
Suppose c = 2*z - c, -10 = -3*z - 2*c. Suppose -t - i = -34, 1 - z = -i. Let f = 61 - t. Calculate the highest common divisor of f and 4.
4
Let j(t) = -t**2 - 6*t + 29. Let v be j(-9). What is the highest common divisor of 4 and v?
2
Suppose -174 - 6 = -5*k. Suppose 0*r - t = 3*r - 26, 0 = -4*r - 2*t + k. Calculate the highest common factor of r and 64.
8
Let h(a) = a. Let c be h(13). Calculate the highest common factor of 13 and c.
13
Let b be (-1)/(0 + (-2)/22). Let s(p) = 4 + 14*p - 5 + b. Let g be s(7). What is the greatest common factor of 12 and g?
12
Let b = 52 + 29. Let x = b + -48. Calculate the greatest common divisor of 11 and x.
11
Suppose -m = m - 64. What is the greatest common divisor of 8 and m?
8
Let w be (9*1)/((-1)/(-5)). Suppose 3*x = -6, -4*a + 198 = -x + 76. What is the greatest common factor of a and w?
15
Let s(q) = q**3 - 9*q**2 + 8*q + 6. Let l be s(8). Let b(u) = 3*u**2 - 7*u - 3. Let w be b(l). What is the greatest common factor of w and 9?
9
Suppose 5*p = -2*t + 31, 4*t + 0 + 3 = 3*p. What is the highest common factor of 33 and t?
3
Let f = -27 - -47. Let v(x) = x**3 - 17*x**2 + 6*x - 92. Let d be v(17). Calculate the highest common divisor of d and f.
10
Let o = -5 + 8. Suppose 0 = -o*p - 0*p + 390. Suppose -5*m - 4*l = l - 85, l = -3*m + 43. What is the greatest common divisor of p and m?
13
Suppose -r = 5*a + 3*r - 68, 18 = 2*a - 3*r. Let m be 1924/24 - 2/a. Calculate the highest common divisor of m and 10.
10
Suppose -28 = -3*y - y. What is the highest common factor of y and 14?
7
Let r(a) = -31*a + 258. Let c be r(8). Suppose 40 = 4*x - 20. What is the greatest common divisor of x and c?
5
Let i(f) be the third derivative of 0*f - 1/24*f**4 + 2*f**2 + 0 + 13/60*f**5 + 0*f**3. Let g be i(-1). What is the highest common divisor of 70 and g?
14
Let y = 37 + -13. Suppose 0 = -5*p - 2*g + 32, 4*p + 0*g = -g + 28. What is the highest common divisor of y and p?
8
Let h(r) = 3*r**2 - 16*r - 6. Let i be h(7). Calculate the greatest common factor of i and 29.
29
Let j be (-2)/9 + 904/18. Let o = -4 + 9. Calculate the greatest common divisor of j and o.
5
Suppose -79 = -4*w - 23. Let z(v) = 2*v**2 - 43*v - 78. Let j be z(24). Calculate the greatest common divisor of j and w.
14
Suppose l - 4*l + 183 = 0. Let k = l - -11. Calculate the greatest common factor of 9 and k.
9
Let v be (76 - 1)*(-4)/(-10). Calculate the greatest common divisor of 45 and v.
15
Suppose -3*u + 968 = u + 2*z, 5*u - 3*z = 1221. Calculate the highest common factor of u and 27.
27
Suppose -h - 20 = 4*h. Let w be h/14 - 405/(-21). Let z = 9 - -29. Calculate the greatest common divisor of w and z.
19
Let d = -62 - -65. Suppose 5 = -5*v + 110. Calculate the greatest common factor of v and d.
3
Let k = 3 - 3. Suppose -3*q + 16 + 14 = 2*z, -5*z - 3*q + 93 = k. Suppose 3*i - 21 = z. Calculate the highest common factor of i and 56.
14
Suppose 6*s + 54 = 9*s. Calculate the highest common divisor of s and 45.
9
Suppose 8*p - 80 - 40 = 0. Calculate the greatest common factor of p and 105.
15
Let d be 602/4 + (-2)/(-4). Suppose 0 = -5*y + 69 + d. Let u(l) = -l**3 - 7*l**2 - 11*l + 6. Let p be u(-5). Calculate the highest common factor of y and p.
11
Let a be 0 + 0/(5 - 3). Suppose a = -3*o + o + 4*l + 40, -3*o + 2*l + 60 = 0. What is the highest common factor of o and 10?
10
Let i = -142 - -242. Let q(t) = -2*t. Let c be q(-2). Suppose 0 = f + c*f - i. What is the highest common factor of f and 4?
4
Let h = 33 + 7. What is the highest common factor of h and 5?
5
Let p be -6 + 147 + -1 + 4. Calculate the highest common factor of 16 and p.
16
Let o be ((-2)/4)/(2/20). Let s = -2 - o. Suppose 4*m - 2*m = 48. What is the highest common divisor of m and s?
3
Let p be 1 - 1/(3/(-3)). Suppose 0 = 3*b + p*l - 48, 2*b + 2*b + 5*l = 57. Calculate the highest common divisor of 9 and b.
9
Let p = 21 + -12. Calculate the greatest common divisor of p and 18.
9
Let s(m) be the third derivative of m**5/60 - m**4/12 - m**3/6 - 5*m**2. Let h be s(4). Calculate the highest common divisor of h and 63.
7
Let m be 205/4 - -3*1/(-12). What is the greatest common factor of m and 3?
3
Let c = 88 + -87. Calculate the highest common divisor of 3 and c.
1
Let v = -58 - -60. What is the greatest common divisor of 16 and v?
2
Let c be ((-8)/3)/((-18)/27). Suppose 4*o - 1042 = -5*v, -c*v + 229 = 4*o - 603. What is the highest common factor of 21 and v?
21
Suppose -2*h + c + 338 = -3*c, h + c = 172. What is the greatest common divisor of 19 and h?
19
Let b(d) = -d**3 - 3*d**2 + 7*d - 3. Let g be (4*5)/((-4)/4). Let q = 14 + g. Let r be b(q). What is the highest common divisor of 9 and r?
9
Let w(c) = -c**3 + 10*c**2 - 2*c + 4. Let r be w(9). Suppose 3*a - x - 53 = 0, r = a + 3*a - 5*x. What is the greatest common factor of a and 18?
18
Let k(l) = 2*l**3 - 3*l**2 - l - 2. Let a be k(3). What is the highest common divisor of a and 176?
22
Let q = 5 + 0. Suppose -5*i + 10 = -4*o, -q*i - 4*o = -2*i - 6. Suppose 0*r - t = -4*r + 93, -r = 5*t + 3. What is the highest common factor of i and r?
2
Suppose 0 = 4*c - 0*c - 60. Calculate the highest common factor of c and 165.
15
Let x = 0 + 0. Let u = 1 + x. Let d = -22 + 31. Calculate the greatest common divisor of d and u.
1
Let i be (0/4)/(1 - (-4)/(-2)). Let h = -1 + 3. Suppose -k + h*p - 4*p + 22 = i, -5*k = 2*p - 110. Calculate the greatest common factor of k and 55.
11
Let t(k) = k**3 + 5*k**2 - k - 1. Let m be t(-5). Calculate the greatest common divisor of 20 and m.
4
Let j = -96 - -104. What is the greatest common divisor of j and 40?
8
Suppose -10 = 5*s, -1998 - 175 = 5*z - s. Let h be z/(-9) + (-3)/9. Let o = -8 + 16. What is the greatest common divisor of o and h?
8
Let w(j) = -5*j + 28. Let t be 